{"id":544,"date":"2016-04-24T13:27:57","date_gmt":"2016-04-24T11:27:57","guid":{"rendered":"http:\/\/lisunenergy.de\/?page_id=544"},"modified":"2024-02-07T18:55:14","modified_gmt":"2024-02-07T16:55:14","slug":"von-kunden-realisierte-bausatzkomponenten","status":"publish","type":"page","link":"https:\/\/lisunenergy.de\/?page_id=544","title":{"rendered":"Fertigakku 100AHA_125AHA_200AHA_Zubeh\u00f6r \/ Sicherungen"},"content":{"rendered":"<h4><\/h4>\n<h4><\/h4>\n<h4><em><strong>Fertigakku LiFeYPO4 (Winstonzellen Lithium Eisenphosphat): 100Ah mit 2 fachem BMS-Systeme Preis: auf Anfrage<\/strong><\/em><\/h4>\n<p><strong>100Ah-200Ah Zyklenfestigkeit:<\/strong> 3000(80% DOD)-5000(70% DOD) siehe auch unten stehender Link der Firma Winston.<\/p>\n<p><span style=\"color: #800000;\">Link:\u00a0<a style=\"color: #800000;\" href=\"http:\/\/lisunenergy.de\/wp-content\/uploads\/2018\/04\/LiFePO4-Akku-12V-100Ah_BMS-200A.pdf\">LiFePO4 Akku 12V 100Ah_BMS 200A_Datenblatt<\/a><\/span><\/p>\n<p><span style=\"color: #993300;\"><a style=\"color: #993300;\" href=\"http:\/\/lisunenergy.de\/wp-content\/uploads\/2020\/09\/LiFePO4-Akku-12V-200Ah_BMS-200A-Batterie_deutsch_EN.pdf\">Link: data shett LiFePO4-Akku-12V-200Ah_BMS-200A (Batterie_deutsch)_EN<\/a><\/span><\/p>\n<p><strong>Fertigakku LiFeYPO4 (Winstonzellen Lithium Eisenphosphat): 200Ah mit 2 fachem BMS-Systeme Preis: Preis auf Anfrage\u00a0<\/strong><\/p>\n<p>Link:\u00a0<span style=\"color: #800000;\"><a style=\"color: #800000;\" href=\"http:\/\/lisunenergy.de\/wp-content\/uploads\/2018\/04\/LiFePO4-Akku-12V-200Ah_BMS-200A_ohne-firmendaten.pdf\">LiFePO4 Akku 12V 200Ah_BMS 200A_Datenblatt<\/a><\/span><\/p>\n<p><strong><span style=\"color: #000000;\"><a style=\"color: #000000;\" href=\"http:\/\/en.winston-battery.com\/index.php\/products\/power-battery\/item\/wb-lyp100ahaa-2?category_id=176\">Herstellerangaben f\u00fcr 100 u. 200 AHA verbauten Innen-Akkus siehe:<\/a>\u00a0Link:\u00a0 \u00a0\u00a0<\/span><\/strong><span style=\"color: #000000;\"> \u00a0<\/span><span style=\"color: #993300;\"><a style=\"color: #993300;\" href=\"http:\/\/en.winston-battery.com\/index.php\/products\/power-battery\/item\/wb-lyp200ahab?category_id=176\">http:\/\/en.winston-battery.com\/index.php\/products\/power-battery\/item\/wb-lyp200ahab?category_id=176<\/a><\/span><\/p>\n<p><a href=\"http:\/\/lisunenergy.de\/wp-content\/uploads\/2013\/07\/IMG_4916.jpg\"><img loading=\"lazy\" decoding=\"async\" class=\"alignnone size-medium wp-image-864\" src=\"http:\/\/lisunenergy.de\/wp-content\/uploads\/2013\/07\/IMG_4916-300x200.jpg\" alt=\"\" width=\"300\" height=\"200\" srcset=\"https:\/\/lisunenergy.de\/wp-content\/uploads\/2013\/07\/IMG_4916-300x200.jpg 300w, https:\/\/lisunenergy.de\/wp-content\/uploads\/2013\/07\/IMG_4916-768x512.jpg 768w, https:\/\/lisunenergy.de\/wp-content\/uploads\/2013\/07\/IMG_4916-1024x683.jpg 1024w\" sizes=\"auto, (max-width: 300px) 100vw, 300px\" \/><\/a> <a href=\"http:\/\/lisunenergy.de\/wp-content\/uploads\/2013\/07\/IMG_4913.jpg\"><img loading=\"lazy\" decoding=\"async\" class=\"alignnone size-medium wp-image-863\" src=\"http:\/\/lisunenergy.de\/wp-content\/uploads\/2013\/07\/IMG_4913-300x200.jpg\" alt=\"\" width=\"300\" height=\"200\" srcset=\"https:\/\/lisunenergy.de\/wp-content\/uploads\/2013\/07\/IMG_4913-300x200.jpg 300w, https:\/\/lisunenergy.de\/wp-content\/uploads\/2013\/07\/IMG_4913-768x512.jpg 768w, https:\/\/lisunenergy.de\/wp-content\/uploads\/2013\/07\/IMG_4913-1024x683.jpg 1024w\" sizes=\"auto, (max-width: 300px) 100vw, 300px\" \/><\/a><\/p>\n<p><strong>Jetzt Neu: 125AH Akku LiFePo4\u00a0 Preis: auf Anfrage \/ Kegelpole gegen Aufpreis<\/strong><\/p>\n<p>Datenblatt als Link:<span style=\"color: #800000;\"> <a style=\"color: #800000;\" href=\"http:\/\/lisunenergy.de\/wp-content\/uploads\/2018\/04\/LiFePO4-Akku-12V-125Ah-mit-BMS.pdf\">LiFePO4 Akku 12V 125Ah mit BMS_Datenblatt<\/a><\/span><\/p>\n<p><a href=\"http:\/\/lisunenergy.de\/wp-content\/uploads\/2018\/03\/20180310_135551.jpg\"><img loading=\"lazy\" decoding=\"async\" class=\"alignnone size-medium wp-image-1072\" src=\"http:\/\/lisunenergy.de\/wp-content\/uploads\/2018\/03\/20180310_135551-300x300.jpg\" alt=\"\" width=\"300\" height=\"300\" srcset=\"https:\/\/lisunenergy.de\/wp-content\/uploads\/2018\/03\/20180310_135551-300x300.jpg 300w, https:\/\/lisunenergy.de\/wp-content\/uploads\/2018\/03\/20180310_135551-150x150.jpg 150w, https:\/\/lisunenergy.de\/wp-content\/uploads\/2018\/03\/20180310_135551-768x768.jpg 768w, https:\/\/lisunenergy.de\/wp-content\/uploads\/2018\/03\/20180310_135551-1024x1024.jpg 1024w, https:\/\/lisunenergy.de\/wp-content\/uploads\/2018\/03\/20180310_135551-90x90.jpg 90w\" sizes=\"auto, (max-width: 300px) 100vw, 300px\" \/><\/a>\u00a0<a href=\"http:\/\/lisunenergy.de\/wp-content\/uploads\/2018\/03\/20180310_135027.jpg\"><img loading=\"lazy\" decoding=\"async\" class=\"alignnone size-medium wp-image-1071\" src=\"http:\/\/lisunenergy.de\/wp-content\/uploads\/2018\/03\/20180310_135027-300x300.jpg\" alt=\"\" width=\"300\" height=\"300\" srcset=\"https:\/\/lisunenergy.de\/wp-content\/uploads\/2018\/03\/20180310_135027-300x300.jpg 300w, https:\/\/lisunenergy.de\/wp-content\/uploads\/2018\/03\/20180310_135027-150x150.jpg 150w, https:\/\/lisunenergy.de\/wp-content\/uploads\/2018\/03\/20180310_135027-768x768.jpg 768w, https:\/\/lisunenergy.de\/wp-content\/uploads\/2018\/03\/20180310_135027-1024x1024.jpg 1024w, https:\/\/lisunenergy.de\/wp-content\/uploads\/2018\/03\/20180310_135027-90x90.jpg 90w\" sizes=\"auto, (max-width: 300px) 100vw, 300px\" \/><\/a><\/p>\n<p><strong><em>Abbildung \u00e4hnlich!<\/em><\/strong><\/p>\n<p><strong>Beispiel f\u00fcr Zubeh\u00f6r Ladebosster \/ Kabelsatz 98\u20ac zzgl. Versand<\/strong>\u00a0 \u00a0<strong>Megasicherung: ohne Sicherung 89\u20ac zzgl. 8\u20ac Versand\u00a0<\/strong><\/p>\n<p>Datenblatt Megasicherung:<span style=\"color: #800000;\">\u00a0<a style=\"color: #800000;\" href=\"http:\/\/lisunenergy.de\/wp-content\/uploads\/2018\/04\/Datenblatt-BUS_Tns_LMG.pdf\">Datenblatt BUS_Tns_LMG<\/a><\/span><\/p>\n<p><a href=\"http:\/\/lisunenergy.de\/wp-content\/uploads\/2016\/04\/Kabelsatz-f\u00fcr-Ladewandler-votronic.jpg\"><img loading=\"lazy\" decoding=\"async\" class=\"alignnone wp-image-751 \" src=\"http:\/\/lisunenergy.de\/wp-content\/uploads\/2016\/04\/Kabelsatz-f\u00fcr-Ladewandler-votronic-1024x576.jpg\" alt=\"\" width=\"534\" height=\"300\" srcset=\"https:\/\/lisunenergy.de\/wp-content\/uploads\/2016\/04\/Kabelsatz-f\u00fcr-Ladewandler-votronic-1024x576.jpg 1024w, https:\/\/lisunenergy.de\/wp-content\/uploads\/2016\/04\/Kabelsatz-f\u00fcr-Ladewandler-votronic-300x169.jpg 300w, https:\/\/lisunenergy.de\/wp-content\/uploads\/2016\/04\/Kabelsatz-f\u00fcr-Ladewandler-votronic-768x432.jpg 768w, https:\/\/lisunenergy.de\/wp-content\/uploads\/2016\/04\/Kabelsatz-f\u00fcr-Ladewandler-votronic.jpg 1632w\" sizes=\"auto, (max-width: 534px) 100vw, 534px\" \/><\/a>\u00a0<a href=\"http:\/\/lisunenergy.de\/wp-content\/uploads\/2018\/01\/20180124_194814.jpg\"><img loading=\"lazy\" decoding=\"async\" class=\"alignnone size-medium wp-image-1020\" src=\"http:\/\/lisunenergy.de\/wp-content\/uploads\/2018\/01\/20180124_194814-300x300.jpg\" alt=\"\" width=\"300\" height=\"300\" srcset=\"https:\/\/lisunenergy.de\/wp-content\/uploads\/2018\/01\/20180124_194814-300x300.jpg 300w, https:\/\/lisunenergy.de\/wp-content\/uploads\/2018\/01\/20180124_194814-150x150.jpg 150w, https:\/\/lisunenergy.de\/wp-content\/uploads\/2018\/01\/20180124_194814-768x768.jpg 768w, https:\/\/lisunenergy.de\/wp-content\/uploads\/2018\/01\/20180124_194814-1024x1024.jpg 1024w, https:\/\/lisunenergy.de\/wp-content\/uploads\/2018\/01\/20180124_194814-90x90.jpg 90w\" sizes=\"auto, (max-width: 300px) 100vw, 300px\" \/><\/a><\/p>\n<p>Boosterkabelsatz mit Sicherungen Schrumpfschlauch, Kabel-, Stiftkabelschuhe u. Sondergummileitungen verzinnt<\/p>\n<p><strong>Stromschienen:<\/strong><\/p>\n<p><a href=\"http:\/\/lisunenergy.de\/wp-content\/uploads\/2017\/12\/20171114_175343.jpg\"><img loading=\"lazy\" decoding=\"async\" class=\"alignnone size-medium wp-image-993\" src=\"http:\/\/lisunenergy.de\/wp-content\/uploads\/2017\/12\/20171114_175343-225x300.jpg\" alt=\"\" width=\"225\" height=\"300\" srcset=\"https:\/\/lisunenergy.de\/wp-content\/uploads\/2017\/12\/20171114_175343-225x300.jpg 225w, https:\/\/lisunenergy.de\/wp-content\/uploads\/2017\/12\/20171114_175343.jpg 459w\" sizes=\"auto, (max-width: 225px) 100vw, 225px\" \/><\/a> <a href=\"http:\/\/lisunenergy.de\/wp-content\/uploads\/2017\/12\/20171114_175254.jpg\"><img loading=\"lazy\" decoding=\"async\" class=\"alignnone size-medium wp-image-992\" src=\"http:\/\/lisunenergy.de\/wp-content\/uploads\/2017\/12\/20171114_175254-225x300.jpg\" alt=\"\" width=\"225\" height=\"300\" srcset=\"https:\/\/lisunenergy.de\/wp-content\/uploads\/2017\/12\/20171114_175254-225x300.jpg 225w, https:\/\/lisunenergy.de\/wp-content\/uploads\/2017\/12\/20171114_175254.jpg 459w\" sizes=\"auto, (max-width: 225px) 100vw, 225px\" \/><\/a> <a href=\"http:\/\/lisunenergy.de\/wp-content\/uploads\/2017\/12\/20171114_175018.jpg\"><img loading=\"lazy\" decoding=\"async\" class=\"alignnone size-medium wp-image-991\" src=\"http:\/\/lisunenergy.de\/wp-content\/uploads\/2017\/12\/20171114_175018-225x300.jpg\" alt=\"\" width=\"225\" height=\"300\" srcset=\"https:\/\/lisunenergy.de\/wp-content\/uploads\/2017\/12\/20171114_175018-225x300.jpg 225w, https:\/\/lisunenergy.de\/wp-content\/uploads\/2017\/12\/20171114_175018.jpg 459w\" sizes=\"auto, (max-width: 225px) 100vw, 225px\" \/><\/a><\/p>\n<p>blauer Winkel<\/p>\n<p>Der Lisunenergy Kupferwinkel aus elektrolytischem Kupfer verzinnt mit Gewindebolzen eignet sich f\u00fcr Akkuzellen der Marke Winston LiFeYPO4 (Akkugr\u00f6se eintragen) . Damit die Zellen in einer Akkubox unter gebracht werden k\u00f6nnen, wurde der Winkel so konstruiert, das eine Wandungsst\u00e4rke von bis zu 15mm m\u00f6glich ist. Der Gewindebolzen aus v2a hat ein M10 Gewinde mit Federring und Mutter.<br \/>\nRot steht f\u00fcr plus und blau f\u00fcr minus.<\/p>\n<p>roter Winkel<\/p>\n<p>Der Lisunenergy Kupferwinkel verzinnt mit Gewindebolzen V2A, Federing und Mutter mit Sicherungshalter ABH1 eignet sich f\u00fcr Akkuzellen mit oder ohne Akkubox. Die Sicherungselemente gehen bis 48volt und 300A.<br \/>\nDurch diese kompakte Bauweise ist ein Kabel zwischen Akku und Sicherung nicht mehr notwendig.<\/p>\n<p>lange Winkel<\/p>\n<p>Der Lisunenergy Kupferwinkel verzinnt mit Gewindebolzen M10 eignet sich f\u00fcr sehr viele Akkuvarianten, vor allem wenn das Kabel an der schmalen Seite raus gef\u00fchrt werden soll. Die Bohrung f\u00fcr den Lochabstand muss selbst durchgef\u00fchrt werden. Eine K\u00fcrzung mittels Flex oder S\u00e4ge ist m\u00f6glich. In Verbindung mit dem Sicherungshalter ABH1 sind extrem kurze Verbindungen m\u00f6glich.<\/p>\n<p>Dieser hochwertige <strong>verzinnte Kupferverbindungssteg<\/strong>\u00a0 mit Mittelschrumpfschlauch (Made in Germany) eignet sich zum verbinden von Winston LiFeYPo4 auf der schmalen Seite. Es ist damit m\u00f6glich sehr schmale Akkus zu bauen. Verwendet man Adapterschrauben ist das BMS System sehr leicht montierbar z.B.\u00a0<strong>200-300Ah u. 400Ah.<\/strong><\/p>\n<p><a href=\"http:\/\/lisunenergy.de\/wp-content\/uploads\/2017\/12\/20160423_133731.jpg\"><img loading=\"lazy\" decoding=\"async\" class=\"alignnone wp-image-1005 \" src=\"http:\/\/lisunenergy.de\/wp-content\/uploads\/2017\/12\/20160423_133731.jpg\" alt=\"\" width=\"401\" height=\"225\" srcset=\"https:\/\/lisunenergy.de\/wp-content\/uploads\/2017\/12\/20160423_133731.jpg 612w, https:\/\/lisunenergy.de\/wp-content\/uploads\/2017\/12\/20160423_133731-300x169.jpg 300w\" sizes=\"auto, (max-width: 401px) 100vw, 401px\" \/><\/a> <a href=\"http:\/\/lisunenergy.de\/wp-content\/uploads\/2017\/12\/20171125_174525.jpg\"><img loading=\"lazy\" decoding=\"async\" class=\"alignnone size-medium wp-image-1006\" src=\"http:\/\/lisunenergy.de\/wp-content\/uploads\/2017\/12\/20171125_174525-300x225.jpg\" alt=\"\" width=\"300\" height=\"225\" srcset=\"https:\/\/lisunenergy.de\/wp-content\/uploads\/2017\/12\/20171125_174525-300x225.jpg 300w, https:\/\/lisunenergy.de\/wp-content\/uploads\/2017\/12\/20171125_174525-768x576.jpg 768w, https:\/\/lisunenergy.de\/wp-content\/uploads\/2017\/12\/20171125_174525-1024x768.jpg 1024w\" sizes=\"auto, (max-width: 300px) 100vw, 300px\" \/><\/a><\/p>\n<p>Dieser <strong>Adapter<\/strong> mit Gewindebolzen aus V2A Federing und Mutter erm\u00f6glicht eine bessere Montage von Batteriekabeln ohne dabei den Balancer zu demontieren. Geeignet f\u00fcr Winston mit M8 Pole. z.B. <strong>100 -160 Ah.<\/strong><\/p>\n<p><a href=\"http:\/\/lisunenergy.de\/wp-content\/uploads\/2017\/12\/20171104_121708.jpg\"><img loading=\"lazy\" decoding=\"async\" class=\"alignnone wp-image-1007 size-medium\" src=\"http:\/\/lisunenergy.de\/wp-content\/uploads\/2017\/12\/20171104_121708-300x225.jpg\" alt=\"\" width=\"300\" height=\"225\" srcset=\"https:\/\/lisunenergy.de\/wp-content\/uploads\/2017\/12\/20171104_121708-300x225.jpg 300w, https:\/\/lisunenergy.de\/wp-content\/uploads\/2017\/12\/20171104_121708-768x576.jpg 768w, https:\/\/lisunenergy.de\/wp-content\/uploads\/2017\/12\/20171104_121708-1024x768.jpg 1024w\" sizes=\"auto, (max-width: 300px) 100vw, 300px\" \/>\u00a0 \u00a0 \u00a0 \u00a0 \u00a0<\/a><a href=\"http:\/\/lisunenergy.de\/wp-content\/uploads\/2017\/12\/20171126_160401.jpg\"><img loading=\"lazy\" decoding=\"async\" class=\"alignnone wp-image-1008\" src=\"http:\/\/lisunenergy.de\/wp-content\/uploads\/2017\/12\/20171126_160401-194x300.jpg\" alt=\"\" width=\"145\" height=\"225\" srcset=\"https:\/\/lisunenergy.de\/wp-content\/uploads\/2017\/12\/20171126_160401-194x300.jpg 194w, https:\/\/lisunenergy.de\/wp-content\/uploads\/2017\/12\/20171126_160401-768x1185.jpg 768w, https:\/\/lisunenergy.de\/wp-content\/uploads\/2017\/12\/20171126_160401-664x1024.jpg 664w\" sizes=\"auto, (max-width: 145px) 100vw, 145px\" \/><\/a><\/p>\n<p><strong>Verteilerdose f\u00fcr Wohnmobile\/ Wohnwagen\u00a0 usw. :\u00a0<\/strong><\/p>\n<p>Anwendungsbeispiel: Solarmodule verkabeln<\/p>\n<p><a href=\"http:\/\/lisunenergy.de\/wp-content\/uploads\/2017\/12\/IMG-20171118-WA0007.jpg\"><img loading=\"lazy\" decoding=\"async\" class=\"alignnone wp-image-1004 size-medium\" src=\"http:\/\/lisunenergy.de\/wp-content\/uploads\/2017\/12\/IMG-20171118-WA0007-e1514371906760-300x225.jpg\" alt=\"\" width=\"300\" height=\"225\" srcset=\"https:\/\/lisunenergy.de\/wp-content\/uploads\/2017\/12\/IMG-20171118-WA0007-e1514371906760-300x225.jpg 300w, https:\/\/lisunenergy.de\/wp-content\/uploads\/2017\/12\/IMG-20171118-WA0007-e1514371906760-768x576.jpg 768w, https:\/\/lisunenergy.de\/wp-content\/uploads\/2017\/12\/IMG-20171118-WA0007-e1514371906760-1024x768.jpg 1024w, https:\/\/lisunenergy.de\/wp-content\/uploads\/2017\/12\/IMG-20171118-WA0007-e1514371906760.jpg 1280w\" sizes=\"auto, (max-width: 300px) 100vw, 300px\" \/><\/a> <a href=\"http:\/\/lisunenergy.de\/wp-content\/uploads\/2017\/12\/20171016_190628.jpg\"><img loading=\"lazy\" decoding=\"async\" class=\"alignnone size-medium wp-image-1002\" src=\"http:\/\/lisunenergy.de\/wp-content\/uploads\/2017\/12\/20171016_190628-300x225.jpg\" alt=\"\" width=\"300\" height=\"225\" srcset=\"https:\/\/lisunenergy.de\/wp-content\/uploads\/2017\/12\/20171016_190628-300x225.jpg 300w, https:\/\/lisunenergy.de\/wp-content\/uploads\/2017\/12\/20171016_190628-768x576.jpg 768w, https:\/\/lisunenergy.de\/wp-content\/uploads\/2017\/12\/20171016_190628.jpg 1008w\" sizes=\"auto, (max-width: 300px) 100vw, 300px\" \/><\/a> <a href=\"http:\/\/lisunenergy.de\/wp-content\/uploads\/2017\/12\/20171016_190629.jpg\"><img loading=\"lazy\" decoding=\"async\" class=\"alignnone size-medium wp-image-1003\" src=\"http:\/\/lisunenergy.de\/wp-content\/uploads\/2017\/12\/20171016_190629-300x225.jpg\" alt=\"\" width=\"300\" height=\"225\" srcset=\"https:\/\/lisunenergy.de\/wp-content\/uploads\/2017\/12\/20171016_190629-300x225.jpg 300w, https:\/\/lisunenergy.de\/wp-content\/uploads\/2017\/12\/20171016_190629-768x576.jpg 768w, https:\/\/lisunenergy.de\/wp-content\/uploads\/2017\/12\/20171016_190629.jpg 1008w\" sizes=\"auto, (max-width: 300px) 100vw, 300px\" \/><\/a><\/p>\n<p><strong>Sammelschienen mit Sicherungshalter\u00a0 in verzinntem Kupfer auf Grundplatte\u00a0 \u00a0\u00a0<\/strong><strong>Sicherungen mit Halter f\u00fcr DC DC auf Grundplatte\u00a0 \u00a0 \u00a0 \u00a0 \u00a0 \u00a0 \u00a0 \u00a0 \u00a0 \u00a0 \u00a0 \u00a0 \u00a0 \u00a0 \u00a0 \u00a0 \u00a0 \u00a0 \u00a0 \u00a0\u00a0<\/strong><\/p>\n<p><a href=\"http:\/\/lisunenergy.de\/wp-content\/uploads\/2018\/01\/20171207_115043.jpg\"><img loading=\"lazy\" decoding=\"async\" class=\"alignnone wp-image-1019\" src=\"http:\/\/lisunenergy.de\/wp-content\/uploads\/2018\/01\/20171207_115043-300x169.jpg\" alt=\"\" width=\"524\" height=\"295\" srcset=\"https:\/\/lisunenergy.de\/wp-content\/uploads\/2018\/01\/20171207_115043-300x169.jpg 300w, https:\/\/lisunenergy.de\/wp-content\/uploads\/2018\/01\/20171207_115043-768x432.jpg 768w, https:\/\/lisunenergy.de\/wp-content\/uploads\/2018\/01\/20171207_115043-1024x576.jpg 1024w\" sizes=\"auto, (max-width: 524px) 100vw, 524px\" \/>\u00a0 \u00a0 \u00a0 \u00a0 \u00a0 \u00a0 \u00a0 \u00a0 \u00a0 \u00a0 \u00a0 \u00a0 \u00a0 \u00a0 \u00a0 \u00a0 \u00a0\u00a0<\/a> <a href=\"http:\/\/lisunenergy.de\/wp-content\/uploads\/2018\/01\/20171207_114658.jpg\"><img loading=\"lazy\" decoding=\"async\" class=\"alignnone wp-image-1018\" src=\"http:\/\/lisunenergy.de\/wp-content\/uploads\/2018\/01\/20171207_114658-300x169.jpg\" alt=\"\" width=\"529\" height=\"298\" srcset=\"https:\/\/lisunenergy.de\/wp-content\/uploads\/2018\/01\/20171207_114658-300x169.jpg 300w, https:\/\/lisunenergy.de\/wp-content\/uploads\/2018\/01\/20171207_114658-768x432.jpg 768w, https:\/\/lisunenergy.de\/wp-content\/uploads\/2018\/01\/20171207_114658-1024x576.jpg 1024w\" sizes=\"auto, (max-width: 529px) 100vw, 529px\" \/>\u00a0 \u00a0 \u00a0 \u00a0\u00a0\u00a0\u00a0\u00a0\u00a0\u00a0<\/a><\/p>\n<p>Hauptsicherung mit Sicherungsw\u00fcrfel<\/p>\n","protected":false},"excerpt":{"rendered":"<p>Fertigakku LiFeYPO4 (Winstonzellen Lithium Eisenphosphat): 100Ah mit 2 fachem BMS-Systeme Preis: auf Anfrage 100Ah-200Ah Zyklenfestigkeit: 3000(80% DOD)-5000(70% DOD) siehe auch unten stehender Link der Firma Winston. Link:\u00a0LiFePO4 Akku 12V 100Ah_BMS 200A_Datenblatt Link: data shett LiFePO4-Akku-12V-200Ah_BMS-200A (Batterie_deutsch)_EN Fertigakku LiFeYPO4 (Winstonzellen Lithium Eisenphosphat): 200Ah mit 2 fachem BMS-Systeme Preis: Preis auf Anfrage\u00a0 Link:\u00a0LiFePO4 Akku 12V 200Ah_BMS 200A_Datenblatt &hellip;<\/p>\n","protected":false},"author":2,"featured_media":0,"parent":0,"menu_order":0,"comment_status":"closed","ping_status":"closed","template":"","meta":{"footnotes":""},"class_list":["post-544","page","type-page","status-publish","hentry"],"_links":{"self":[{"href":"https:\/\/lisunenergy.de\/index.php?rest_route=\/wp\/v2\/pages\/544","targetHints":{"allow":["GET"]}}],"collection":[{"href":"https:\/\/lisunenergy.de\/index.php?rest_route=\/wp\/v2\/pages"}],"about":[{"href":"https:\/\/lisunenergy.de\/index.php?rest_route=\/wp\/v2\/types\/page"}],"author":[{"embeddable":true,"href":"https:\/\/lisunenergy.de\/index.php?rest_route=\/wp\/v2\/users\/2"}],"replies":[{"embeddable":true,"href":"https:\/\/lisunenergy.de\/index.php?rest_route=%2Fwp%2Fv2%2Fcomments&post=544"}],"version-history":[{"count":78,"href":"https:\/\/lisunenergy.de\/index.php?rest_route=\/wp\/v2\/pages\/544\/revisions"}],"predecessor-version":[{"id":1467,"href":"https:\/\/lisunenergy.de\/index.php?rest_route=\/wp\/v2\/pages\/544\/revisions\/1467"}],"wp:attachment":[{"href":"https:\/\/lisunenergy.de\/index.php?rest_route=%2Fwp%2Fv2%2Fmedia&parent=544"}],"curies":[{"name":"wp","href":"https:\/\/api.w.org\/{rel}","templated":true}]}}